lse
Is 152005669 composite?
False
Is 54502711 prime?
True
Is 19996579 prime?
True
Is 179801 composite?
False
Is 11924753 composite?
False
Is 726282529 a prime number?
False
Is 1478897 a prime number?
False
Is 626676889 prime?
False
Is 10736053 composite?
True
Is 122128327 composite?
False
Is 1397299 a composite number?
True
Is 17926567 a composite number?
False
Is 150108229 composite?
False
Is 16026649 composite?
True
Is 2262811 composite?
False
Is 1531021 prime?
True
Is 6304379 a prime number?
True
Is 46997407 composite?
False
Is 7784159 a composite number?
False
Is 73954843 a composite number?
True
Is 133715899 a prime number?
True
Is 2076611 prime?
True
Is 145798711 a composite number?
False
Is 2624417 prime?
False
Is 144805767 a composite number?
True
Is 471257615 prime?
False
Is 3928961 composite?
False
Is 11206222 prime?
False
Is 4917619 prime?
False
Is 123097019 a prime number?
True
Is 307273919 composite?
True
Is 10763359 a composite number?
False
Is 94438447 composite?
False
Is 141277947 composite?
True
Is 314987 composite?
True
Is 624289349 prime?
False
Is 2441749 prime?
False
Is 404087 prime?
False
Is 68375171 composite?
False
Is 1054249 a prime number?
False
Is 103258199 prime?
False
Is 10895099 a composite number?
True
Is 15932287 prime?
False
Is 7929727 prime?
False
Is 3297907 a composite number?
False
Is 3056759 a prime number?
True
Is 1232543 a composite number?
True
Is 49025969 prime?
False
Is 46550357 a composite number?
True
Is 350049461 composite?
False
Is 9369031 a composite number?
True
Is 1046491181 a prime number?
True
Is 924677 composite?
True
Is 184589737 prime?
False
Is 112402883 a prime number?
False
Is 40490749 a composite number?
True
Is 3574033 composite?
True
Is 14221769 a prime number?
True
Is 568427 a composite number?
True
Is 11586097 composite?
False
Is 1987369 prime?
False
Is 352384199 prime?
True
Is 26402601 composite?
True
Is 13784829 prime?
False
Is 7650433 prime?
False
Is 1679599 a composite number?
False
Is 32309987 a composite number?
True
Is 210328571 composite?
True
Is 105900901 a prime number?
False
Is 5526689 prime?
False
Is 17594219 prime?
True
Is 219404917 composite?
True
Is 60985931 a composite number?
True
Is 3443395 composite?
True
Is 3168449 a prime number?
True
Is 29750239 prime?
True
Is 10690117 a composite number?
False
Is 51847123 prime?
True
Is 44248733 prime?
True
Is 61913261 prime?
False
Is 4913429 prime?
False
Is 3804043 composite?
False
Is 189429761 composite?
False
Is 491633 prime?
True
Is 6414193 a prime number?
True
Is 53822233 a prime number?
True
Is 17282197 composite?
True
Is 4801193 composite?
True
Is 19912777 prime?
True
Is 356677 composite?
True
Is 96574561 prime?
True
Is 71091271 composite?
True
Is 13191223 prime?
False
Is 33117041 composite?
False
Is 13135541 a prime number?
True
Is 1599253 composite?
False
Is 3813011 prime?
False
Is 2952137 a prime number?
False
Is 121493913 a prime number?
False
Is 117276799 prime?
True
Is 13020055 a prime number?
False
Is 315191381 a composite number?
True
Is 7391071 a composite number?
False
Is 17263669 a prime number?
False
Is 3398389 prime?
True
Is 32881015 a prime number?
False
Is 426691 a prime number?
True
Is 49569473 composite?
False
Is 89045281 composite?
True
Is 2161477 composite?
True
Is 384673 a prime number?
True
Is 5527833 a prime number?
False
Is 543900751 prime?
True
Is 17817791 a prime number?
True
Is 404249 a prime number?
True
Is 97322117 a prime number?
False
Is 58408797 composite?
True
Is 6664759 composite?
False
Is 10612031 a prime number?
False
Is 60172811 a prime number?
False
Is 702797 a composite number?
True
Is 3501121 a prime number?
False
Is 158852503 a composite number?
False
Is 121331009 prime?
False
Is 54436981 composite?
False
Is 5272153 a prime number?
True
Is 48155999 a composite number?
False
Is 1469621 a prime number?
True
Is 2020147 a prime number?
True
Is 531278479 prime?
True
Is 7530241 a composite number?
True
Is 62624377 prime?
False
Is 45589321 composite?
True
Is 9335933 a prime number?
True
Is 3631417 prime?
False
Is 4104953 composite?
True
Is 43531897 a prime number?
False
Is 111708833 composite?
True
Is 27958009 prime?
True
Is 4564801 a composite number?
True
Is 313729069 a composite number?
False
Is 173713 a composite number?
False
Is 158419 prime?
True
Is 1290287 a composite number?
False
Is 570329 composite?
False
Is 11400827 composite?
False
Is 51296071 composite?
True
Is 61520971 a composite number?
False
Is 71232067 prime?
False
Is 76281353 prime?
False
Is 15174563 a composite number?
False
Is 17904443 prime?
True
Is 67347907 a composite number?
True
Is 320951 composite?
True
Is 26119111 a prime number?
False
Is 1118893 a composite number?
False
Is 1240543 a prime number?
True
Is 946361 prime?
False
Is 101832581 a composite number?
False
Is 17093633 prime?
True
Is 1157503285 composite?
True
Is 2289979 composite?
False
Is 199555043 composite?
True
Is 274691 a composite number?
True
Is 12841313 a composite number?
False
Is 116057 prime?
False
Is 18022281 composite?
True
Is 109874927 composite?
True
Is 188368234 a composite number?
True
Is 53810258 prime?
False
Is 1845457 a prime number?
True
Is 1169615 prime?
False
Is 3837371 prime?
True
Is 21009011 prime?
False
Is 9035321 a composite number?
False
Is 1980495331 a composite number?
False
Is 9072731 a composite number?
False
Is 1753513 composite?
False
Is 19839803 a composite number?
False
Is 823117 a composite number?
False
Is 319947053 a prime number?
False
Is 1225517 prime?
True
Is 3141269 composite?
False
Is 2089097 a composite number?
True
Is 11711783 a prime number?
True
Is 1036613 composite?
False
Is 51225503 a prime number?
False
Is 1498153 a composite number?
False
Is 22371529 a composite number?
False
Is 372209 a composite number?
True
Is 390809 composite?
False
Is 1605719 composite?
False
Is 3913205 a composite number?
True
Is 712091 prime?
False
Is 22093287 a prime number?
False
Is 35352935 a prime number?
False
Is 3128761 composite?
False
Is 29940661 composite?
False
Is 2939821 a prime number?
True
Is 12702911 a prime number?
False
Is 8159737 composite?
True
Is 304751501 a prime number?
True
Is 16287163 composite?
True
Is 20873 prime?
True
Is 14099021 a prime number?
False
Is 87685613 prime?
True
Is 2540039 a prime number?
False
Is 167448409 prime?
False
Is 2895203 composite?
False
Is 202859717 composite?
False
Is 1064743 composite?
False
Is 3725773 composite?
True
Is 173247163 composite?
False
Is 11734557 composite?
True
Is 39986693 a composite number?
False
Is 403360667 a composite number?
True
Is 48123539 prime?
True
Is 12936487 prime?
False
Is 398609879 a composite number?
False
Is 2979699 composite?
True
Is 5715439 a prime number?
False
Is 15333601 prime?
True
Is 9773593 a composite number?
False
Is 549653303 a composite number?
False
Is 134153 prime?
True
Is 29282689 prime?
True
Is 13472573 composite?
False
Is 41189747 a prime number?
True
Is 62383341 prime?
False
Is 37100971 composite?
False
Is 990163 a composite number?
False
Is 108651167 a composite number?
True
Is 639088247 a prime number?
False
Is 340943 a composite number?
True
Is 124983713 composite?
True
Is 188995 a prime number?
False
Is 16026113 prime?
True
Is 4458413 a prime number?
False
Is 127754257 a prime number?
True
Is 518604847 prime?
True
Is 18834038 prime?
False
Is 2072563 a prime number?
True
Is 80214047 a composite number?
False
Is 2515517 a composite number?
False
Is 14961217 composite?
False
Is 119879161 composite?
True
Is 41387471 prime?
False
Is 36724477 a prime number?
False
Is 2968367 a prime number?
True
Is 762277 a prime number?
True
Is 11727373 composite?
True
Is 2549947 composite?
True
Is 27265883 a composite number?
True
Is 314200961 a composite number?
False
Is 2509831 prime?
True
Is 248639151 a prime number?
False
Is 91635809 composite?
False
Is 79498585 a composite number?
True
Is 56924519 prime?
True
Is 88104799 prime?
False
Is 5620415 a composite number?
True
Is 15157903 composite?
True
Is 203806193 a composite number?
True
Is 2608877 prime?
False
Is 50024653 composite?
True
Is 359777851 a prime number?
False
Is 21557587 composite?
True
Is 3171261 a composite number?
True
Is 1935111 prime?
False
Is 78408227 a prime number?
Fals